se
Is 111101449 prime?
False
Is 33197293 prime?
True
Is 10323283 a composite number?
False
Is 10679047 composite?
True
Is 496123 a composite number?
False
Is 22692667 a prime number?
False
Is 19037103 prime?
False
Is 40170407 a prime number?
True
Is 477301 a prime number?
False
Is 781330133 prime?
False
Is 3184829 prime?
False
Is 1643099 a prime number?
True
Is 659419 a composite number?
False
Is 7066957 prime?
False
Is 29166821 composite?
False
Is 44315519 a composite number?
False
Is 148957057 prime?
True
Is 3966293 a prime number?
True
Is 24867937 prime?
True
Is 568105 composite?
True
Is 14906611 a composite number?
False
Is 101672917 a composite number?
False
Is 7548217 a composite number?
False
Is 28844527 a composite number?
True
Is 136760111 prime?
False
Is 15495401 a composite number?
False
Is 208539311 prime?
True
Is 285077 composite?
True
Is 264896123 a prime number?
False
Is 70069 a prime number?
False
Is 23023733 prime?
False
Is 480497513 a prime number?
False
Is 176739 prime?
False
Is 3187469 composite?
False
Is 2603017 a composite number?
True
Is 80126873 prime?
True
Is 65913677 composite?
False
Is 2142437 prime?
False
Is 9523739 prime?
False
Is 64443499 a prime number?
False
Is 12759823 a composite number?
False
Is 62736221 composite?
False
Is 19024949 a composite number?
False
Is 11114186 a prime number?
False
Is 6006317 a prime number?
False
Is 28930049 prime?
True
Is 864283223 a composite number?
False
Is 595873 composite?
False
Is 7880659 a prime number?
True
Is 129371245 a prime number?
False
Is 17507519 a prime number?
True
Is 6875633 composite?
True
Is 44727161 a prime number?
True
Is 2099063 composite?
True
Is 2454493 composite?
False
Is 2751319 a composite number?
False
Is 18644233 composite?
False
Is 126539 prime?
False
Is 1426861 a prime number?
False
Is 128581067 composite?
False
Is 56367263 a composite number?
False
Is 14758409 prime?
True
Is 2700179 a prime number?
True
Is 18458491 composite?
True
Is 558786781 prime?
False
Is 2680921 prime?
False
Is 1311029 a prime number?
True
Is 5026037 a prime number?
True
Is 555591929 prime?
False
Is 378947 a composite number?
True
Is 712659881 a composite number?
True
Is 6162687569 a prime number?
True
Is 83606399 a composite number?
False
Is 3449326 composite?
True
Is 4435583 a composite number?
True
Is 17115139 composite?
False
Is 983271 composite?
True
Is 2682146 a composite number?
True
Is 422009857 composite?
False
Is 20911909 a prime number?
True
Is 1346171 a prime number?
False
Is 33190621 a prime number?
False
Is 31862294 composite?
True
Is 1446383 prime?
True
Is 184669223 a composite number?
False
Is 12515605 prime?
False
Is 121932751 a composite number?
False
Is 633019841 a prime number?
True
Is 150008015 a composite number?
True
Is 1844247 composite?
True
Is 2224213 a prime number?
False
Is 54874 a prime number?
False
Is 600014 composite?
True
Is 17776819 prime?
True
Is 11528555 composite?
True
Is 476214097 prime?
True
Is 224351707 prime?
False
Is 139477885 composite?
True
Is 142151917 composite?
True
Is 1171119097 prime?
True
Is 218752727 a prime number?
True
Is 165451997 a composite number?
False
Is 649367 composite?
True
Is 217081 prime?
True
Is 61890839 a prime number?
True
Is 6179759 a composite number?
False
Is 447857 composite?
True
Is 82829741 prime?
True
Is 353117 composite?
False
Is 93039937 composite?
False
Is 3851977 a prime number?
True
Is 11676479 prime?
False
Is 23401858 composite?
True
Is 2801041 a prime number?
True
Is 12761807 a composite number?
False
Is 3086933 a composite number?
False
Is 15120058 prime?
False
Is 142392167 a prime number?
True
Is 450377027 composite?
True
Is 2143313 prime?
True
Is 190133857 a composite number?
False
Is 7483451 composite?
True
Is 451331609 composite?
False
Is 2320963 composite?
True
Is 1191419 a composite number?
True
Is 8350411 composite?
True
Is 128376889 composite?
False
Is 44286419 a composite number?
False
Is 9785779 a composite number?
True
Is 179223683 composite?
True
Is 8788855 prime?
False
Is 11506601 composite?
True
Is 189355739 composite?
False
Is 535083 a composite number?
True
Is 8943937 a prime number?
True
Is 587017 a prime number?
True
Is 13367699 a prime number?
True
Is 45116473 a composite number?
False
Is 261503611 a prime number?
True
Is 435751 composite?
False
Is 2354201 a composite number?
True
Is 52611179 a composite number?
True
Is 4420651 a composite number?
True
Is 3618101 prime?
True
Is 55100489 a composite number?
False
Is 30276391 prime?
False
Is 135365953 composite?
False
Is 1581577 a prime number?
True
Is 533154005 a composite number?
True
Is 1652232845 a composite number?
True
Is 1015114 composite?
True
Is 12439331 a prime number?
True
Is 128856503 prime?
False
Is 106172731 a prime number?
False
Is 19763833 prime?
False
Is 1347985 a composite number?
True
Is 48204109 composite?
False
Is 4033571 composite?
False
Is 9459809 composite?
False
Is 5251553 a prime number?
False
Is 5803327 a composite number?
True
Is 101067017 a prime number?
False
Is 20739139 a composite number?
False
Is 12171691 a prime number?
False
Is 23652071 composite?
False
Is 167978171 a composite number?
False
Is 4351339 a composite number?
False
Is 114579826 composite?
True
Is 117617047 composite?
True
Is 126653 a composite number?
False
Is 1582913 composite?
True
Is 3796057 a prime number?
True
Is 10101967 a composite number?
True
Is 152533307 a composite number?
False
Is 12039601 a prime number?
False
Is 558751 prime?
False
Is 353659 a composite number?
True
Is 1216373 prime?
True
Is 4623011 a prime number?
False
Is 22588763 composite?
True
Is 228625259 a composite number?
False
Is 467315 a prime number?
False
Is 141837 a composite number?
True
Is 308927847 composite?
True
Is 93452743 a composite number?
False
Is 5669303 a prime number?
False
Is 581227 a prime number?
True
Is 1255871 prime?
False
Is 2757149 a prime number?
False
Is 37049605 prime?
False
Is 11562157 a prime number?
True
Is 567874009 a prime number?
False
Is 30579193 a composite number?
True
Is 38182673 composite?
True
Is 81844417 prime?
True
Is 140002069 a prime number?
True
Is 6009253 composite?
False
Is 3580901 composite?
False
Is 51031 prime?
True
Is 80179357 a prime number?
False
Is 870047 a composite number?
False
Is 171289 a prime number?
False
Is 15337991 prime?
True
Is 98364419 prime?
True
Is 32778761 a composite number?
True
Is 853652819 prime?
True
Is 7143557 composite?
False
Is 1872461 prime?
True
Is 21845347 a prime number?
False
Is 52618 prime?
False
Is 85265963 a prime number?
True
Is 64214581 a composite number?
False
Is 47024381 prime?
False
Is 11124349 prime?
True
Is 170044366 a prime number?
False
Is 18049127 a prime number?
True
Is 44596603 a prime number?
True
Is 56321731 prime?
False
Is 241141079 composite?
False
Is 26025569 a prime number?
True
Is 19223509 a prime number?
False
Is 10933339 a prime number?
True
Is 1639349 a composite number?
False
Is 32531 composite?
False
Is 17589391 a prime number?
True
Is 1307389 composite?
True
Is 147113597 composite?
True
Is 3851753 a composite number?
True
Is 1615256803 a composite number?
False
Is 34188491 composite?
False
Is 36130711 a composite number?
False
Is 4059551 a composite number?
True
Is 370852645 a composite number?
True
Is 1341639923 a prime number?
False
Is 4015153 composite?
True
Is 9437273 a prime number?
False
Is 77116141 a prime number?
True
Is 27169309 prime?
True
Is 71617723 composite?
True
Is 1588143 prime?
False
Is 22967201 composite?
False
Is 170881 a composite number?
False
Is 23705189 a composite number?
False
Is 12402943 a prime number?
False
Is 26348431 a composite number?
True
Is 286999535 a prime number?
False
Is 12849271 a composite number?
True
Is 1047307 prime?
True
Is 1166801 a prime number?
True
Is 1761233 a prime number?
False
Is 754573 prime?
True
Is 71374207 prime?
True
Is 1161791 prime?
True
Is 16477831 a prime number?
True
Is 278527 a composite number?
True
Is 78030541 a prime number?
False
Is 1669627 composite?
False
Is 6775973 composite?
True
Is 1089299 a composite number?
False
Is 452296531 prime?
True
Is 14259638 prime?
False
Is 4483607 prime?
True
Is 1785811 a prime number?
True
Is 82912337 composite?
False
Is 5466611 composite?
True
Is